10, -5*i - 10 = 0. Let x = 21 + n. Suppose 5*z - x = 18. Let r(q) = -q**3 + 5*q**2 + 6*q + 1. Calculate r(z).
1
Let n be ((-2)/(-2))/(2/4). Let w(m) = 2*m**n + m**3 + 2 - 5 + 0 - 2*m. Determine w(-2).
1
Let y(v) = -v - 9. Suppose -23 = 4*z + 5. Calculate y(z).
-2
Let n(g) be the second derivative of -g**6/120 + g**5/60 + g**4/24 + 3*g**3/2 + 2*g**2 + 10*g. Let o(x) be the first derivative of n(x). Calculate o(0).
9
Let y(i) be the first derivative of 3*i**2 - 3*i - 60. Determine y(-5).
-33
Let j(z) be the third derivative of -4*z**2 + 0*z - 1/24*z**4 + 7/6*z**3 + 0. Calculate j(0).
7
Suppose 0 = -3*u - 3*m + 9, -3*u = -5*u + m - 9. Let x(f) = -f**2 + 1. Let l(t) = -t**2 + 2*t - 2. Let g(b) = -l(b) - x(b). What is g(u)?
13
Suppose -3*s - 4 = -16. Let o(d) = -d**2 + 6*d - 4. Calculate o(s).
4
Let n(q) = q. Let t(k) = -k - 6. Let u(b) = -b - 6. Let y(o) = -3*t(o) + 4*u(o). Let h(p) = -2*n(p) - y(p). Calculate h(6).
0
Let x(c) = -c**2 + 10*c - 3. Let k(p) = p**3 - 16*p**2 - 17*p + 7. Let d be k(17). Determine x(d).
18
Let m(z) be the second derivative of z**5/10 - z**4/4 + z**2 + 4*z. Give m(2).
6
Let t = -65 - -64. Let g(w) = -10*w**2 - w. Calculate g(t).
-9
Let m(g) = g**2 + 30*g - 15*g - 13*g. Calculate m(2).
8
Let m(h) = h**3 - h**2 - h + 1. Let k be 1 + 1*(0 + 0). Let r(b) = -b**3 + 5*b**2 + 3*b - 5. Let z(u) = k*r(u) + 2*m(u). Let a be 2 - (-25)/(1 + -6). Give z(a).
-6
Let p = -10 + 16. Suppose -g - p = g. Let b(h) = -2*h + 1. What is b(g)?
7
Let p(z) be the first derivative of -z**3/3 - z**2/2 + z - 6. Suppose 11 = -4*y - f, -12 = 3*y - 5*f + 2*f. Give p(y).
-5
Let y = 2 - 1. Let k(l) = -l + 1. Let o(s) = s**2 + 2*s - 2. Let q(n) = y*o(n) + 6*k(n). Let x(j) be the first derivative of q(j). Give x(5).
6
Let p(z) = 9*z**2 + 14*z - 3. Let v(y) be the second derivative of 5*y**4/12 + 7*y**3/6 - y**2/2 + 7*y. Let n(s) = 6*p(s) - 11*v(s). What is n(6)?
-1
Let s = -43 - -34. Let u(f) = 2*f + 10. What is u(s)?
-8
Let p(f) = f**2 + f + 2. Let n be p(-2). Let u(x) = x**2 + 1 + 2*x**3 + 4*x - 2*x**3 - 6*x**2 + x**3. Calculate u(n).
1
Let j(x) be the second derivative of -x**4/12 - 5*x**3/6 + 3*x**2/2 - 5*x. Calculate j(-5).
3
Let l = 9 + -7. Let k(n) = -1 + 0 + n - 3 + l*n. Calculate k(3).
5
Let s(h) = h**2 + h. Let g(u) = 3*u**2 - 6*u + 1. Let r(b) = -g(b) - 5*s(b). Let n = -2 + 4. Suppose 0 = 2*y - n. What is r(y)?
-8
Suppose -5*o + 10 = -30. Let b be ((-4)/o)/(2/(-12)). Let v(p) = 4*p. Let f(s) = 9*s. Let a(u) = -2*f(u) + 5*v(u). What is a(b)?
6
Let j(b) be the third derivative of -11*b**5/60 + b**4/24 + 12*b**2. Calculate j(1).
-10
Let t(w) be the second derivative of -1/12*w**4 + 0*w**3 + 6*w + 1/2*w**2 + 0. What is t(-1)?
0
Let x(a) = -a**3 - 5*a**2 - 2*a - 3. Let j = 8 - 12. Determine x(j).
-11
Let s = -5 - -8. Let v(r) be the first derivative of -7 - 5/2*r**2 + 1/3*r**3 + 4*r. What is v(s)?
-2
Suppose -5*i = c + 18, 4*i - 3*c + 7*c = -8. Let o(t) = 4 + t**2 + 41*t - 38*t - 1. Determine o(i).
7
Let t(c) = c**3 - 2*c**2 - 2*c + 1. Let x be t(3). Let w(m) = -4*m + 9 + x*m - 7 + m. Determine w(5).
7
Let q(g) be the second derivative of g**5/20 - g**4/3 - 5*g**3/6 + g**2 + 11*g. Suppose 5*u = -n + 3*u + 8, 3*n - 3*u - 33 = 0. Let b = 15 - n. Determine q(b).
2
Let i(x) = -1 - x**2 + x - 5*x + 4*x. What is i(-2)?
-5
Let q(k) = -4*k - 28*k + 45*k + 1. Calculate q(1).
14
Let l(g) = g**2 - 3*g - 4. Suppose 0 = 4*k + 17 + 27. Let i be 14/(-6) + k/(-33). Let z be 3/(-9)*-3 - i. Calculate l(z).
-4
Let m(f) = -f**2 + 9*f - 6. Let o be (-2)/9 + (-112)/(-18). Give m(o).
12
Let j(k) = k + 11. Let c(x) = -2*x - 11. Let y(l) = -2*c(l) - 3*j(l). Calculate y(7).
-4
Let l(h) = -3*h**3 - h**2 + 1. Let i(x) = x**3 + 8*x**2 + 8*x + 2. Let g be -7 - 0/(-3)*1. Let o be i(g). Let w = 6 + o. Calculate l(w).
-3
Let o(r) = -r**2 - 12*r - 6. Let i(d) = 4*d**2 + 49*d + 23. Let s(c) = -2*i(c) - 9*o(c). Calculate s(-9).
-1
Let g(y) be the first derivative of y**2 - 3*y + 18. Let w(b) be the third derivative of b**4/24 - b**3/3 + b**2. Let z(s) = 4*g(s) - 6*w(s). Determine z(-3).
-6
Let n(g) = 6*g - 4 - 5*g**2 + g + g**3 - 2. Let j be 6/5*(-20)/3. Let m be j/12 + 28/6. Give n(m).
6
Let s(x) = -5*x**3 - x**2. Let t be s(1). Let h(a) = a**2 + 5*a - 6. Give h(t).
0
Let q(m) = 3*m**2 + 3*m + 2. Let x(t) = 3*t**2 + 4*t + 3. Let h(u) = 4*q(u) - 3*x(u). Suppose 6*n = -1 + 7. Determine h(n).
2
Let l = 1 + -1. Suppose 3*c - 8 = 5*s - l*s, 0 = -2*c - 3*s - 20. Let z be (c + 2)/(4/6). Let g(v) = -2*v - 4. Calculate g(z).
2
Let n(t) = 5*t - 10. Let z(y) = 23*y - 33. Let f(l) = -12*l + 16. Let w(j) = 5*f(j) + 3*z(j). Let b(a) = 11*n(a) - 6*w(a). What is b(0)?
4
Let t(p) be the second derivative of -1/2*p**3 - 5*p + 1/12*p**4 + 3/2*p**2 + 0. Give t(3).
3
Let x = -18 - -27. Let r(n) = 1 - 4*n + 5*n**2 - 15*n**2 + x*n**2. Determine r(-5).
-4
Let m(c) = -c**3 - 2. Suppose 4*s - 8 = -x, -4*x - 10 = 4*s - 9*s. Suppose 0 = n - 0*n + s. What is m(n)?
6
Let m(x) = 7*x**3 - 7*x**2 - 15*x + 3. Let d(o) = -4*o**3 + 3*o**2 + 8*o - 2. Let r(g) = -5*d(g) - 3*m(g). Determine r(7).
-13
Let w = 43 + -44. Let o(b) = 4*b. What is o(w)?
-4
Suppose -24 = -3*r - 2*r + d, 16 = -r - 5*d. Let j(c) = -c**2 + 3*c + 4. What is j(r)?
0
Suppose -70 + 91 = 7*x. Let d(t) = t**3 - 4*t**2 + 3*t + 3. Determine d(x).
3
Suppose 0 = -2*b + 5*b - 3*c, -c = 5*b - 12. Let h(q) = 3*q**2 + 0*q**2 - b*q**2 + q. Let p(a) = -a - 3. Let n be p(0). Determine h(n).
6
Let w(h) = -h**3 + 4*h**2 - 4*h + 3. Let l be w(2). Let k(c) = 1 + 0*c**3 + 6*c**2 + 0 - c**l + 2. Determine k(6).
3
Let i(x) be the first derivative of -3*x**2 - x + x**2 + 0 + x**2 - 4. Let p be (1 - -5)*(-2)/(-4). Determine i(p).
-7
Suppose -v + 1 - 44 = -5*u, -3*u + 3*v = -21. Let k(a) = 3 + u*a - 4 - 8*a. Calculate k(1).
0
Let j(i) = -4*i**2 + 7*i - 1. Let z(t) = t**2 - t. Let p(w) = w**2 - w - 1. Let b be p(2). Let c(m) = b*j(m) + 3*z(m). What is c(3)?
2
Let i(u) be the third derivative of 8*u**2 - 2/3*u**3 + 1/8*u**4 + 0*u + 1/60*u**5 + 0. Suppose -19 = 5*a - 0*l + l, 3*l + 3 = 3*a. What is i(a)?
-4
Let u(m) be the second derivative of m**4/12 + 7*m**3/6 + 7*m**2/2 - 12*m. What is u(-5)?
-3
Let i(f) be the second derivative of 0 + 2/3*f**3 + 1/12*f**4 - 1/2*f**2 - 3*f. Determine i(-4).
-1
Suppose -41 = 5*s - 16. Let w be (-1)/2*6 - s. Let l be (2 - w)*(0 - -1). Let f(v) = v**3 - v**2 - v + 8. Give f(l).
8
Let m(r) be the third derivative of -1/120*r**6 + 0*r - 1/6*r**4 + 1/15*r**5 + r**2 + 2/3*r**3 + 0. Let h(o) = o - 1. Let f be h(4). What is m(f)?
1
Let y be -2 + (-8)/(1 - 2). Suppose 5*c = 2*o + 21, y*o - 15 = o - c. Let w(p) = -o*p - p + 3*p - p. What is w(2)?
-2
Suppose 3 = 4*p - 17. Suppose i + 2*i = -2*u - 20, p*u = -i - 24. Let c(t) = t**2 + 3*t - 2. Calculate c(u).
2
Let r(x) = -x**2 - 6*x - 4. Let m = -23 - -19. What is r(m)?
4
Let g(d) be the second derivative of -d**3/6 + 3*d**2/2 + 7*d + 3. Determine g(9).
-6
Suppose 0 = 5*u + 2*x - 1, u - 2*x = -7*x + 14. Let t(f) = 16*f**2 + 2*f + 1. Calculate t(u).
15
Let o(l) = l - 2. Let u be 5/20 + (-14)/(-8). Let s be (u - 1)*-1 + 5. Determine o(s).
2
Let q(p) be the third derivative of -p**5/60 - 7*p**4/24 + 3*p**3/2 + 3*p**2. Calculate q(-7).
9
Let i(k) be the first derivative of -k**2 - 4*k - 20. Calculate i(5).
-14
Let n(c) = -11 + c + 7 + 4 + 6. Determine n(0).
6
Let w(q) = -72 - q - 76 + 150. Calculate w(-7).
9
Let n be (0/1)/(2/(-1)). Let b(q) = 2 - q**2 + 7*q**2 - 6*q + 0. Let u(h) = h**2 - h + 1. Let r(g) = b(g) - 5*u(g). Determine r(n).
-3
Let p(z) be the second derivative of -z**4/12 + z**3 + 4*z**2 - 2*z. Determine p(7).
1
Let j(f) be the first derivative of 3*f**4/4 + 4*f**3/3 + 2*f**2 + 2*f + 5. Suppose 6 = p - 4*p. What is j(p)?
-14
Let n(z) = -z + 8. Let b(m) = -m**3 + 3*m**2 - 2*m. Let i be b(2). Determine n(i).
8
Suppose 0*v = 5*v - 15. Suppose v*s = 2*s - 2. Let w(o) = o**2 + 4*o**3 - o**3 + 76*o - 2*o**3 - 2 - 78*o. Determine w(s).
-2
Let d(z) = z**2 + 24*z + 19. Let l be d(-23). Let v(n) = n**2 + 5*n - 1 + 0*n**2 - 4*n**2 - n**3. Determine v(l).
-5
Let y(b) = b**2 + b - 1. Let d(m) = 2*m**3 - 6*m**2 + m + 1. Let q(o) = -d(o) - 2*y(o). What is q(2)?
-5
Let l(h) = -h**3 + 7*h**2 - 5*h. Let s be l(6). Let r(n) = -7*n**2 + 8*n + 19. Let x(z) = 3*z**2 - 4*z - 9. Let a(b) = 2*r(b) + 5*x(b). Calcula